me factors of k(7).
3, 7, 11
Let f = 1 - -3. Suppose -f*i = -u + 9 + 7, 4*u + 2*i - 10 = 0. Suppose -59 + 14 = -u*h - d, 27 = 3*h + 3*d. What are the prime factors of h?
2, 3
Suppose -a = -4*a + 210. Suppose -10 = 5*m - a. Let v = 22 - m. List the prime factors of v.
2, 5
What are the prime factors of (-527 + (-11 - -4))/(-2)?
3, 89
Suppose -88 = f - 5*f. Let c = 0 - -9. Let v = f - c. What are the prime factors of v?
13
Let w = 246 - 78. What are the prime factors of w?
2, 3, 7
Let i(s) = 3*s**3 - 10*s**2 - 2*s - 4. Let h be i(8). Suppose g - 7*g + h = 0. List the prime factors of g.
2, 73
Suppose -j + 2*s = -737, -15*j + 17*j - 2*s = 1480. List the prime factors of j.
743
Let a = -814 + 1705. List the prime factors of a.
3, 11
Let t = 10 + -6. Suppose -48 = 4*f + t*i - 0*i, i = -5*f - 56. Let a(d) = -d**2 - 12*d + 10. List the prime factors of a(f).
3, 7
Suppose 0 = 4*v + 3*j - 1151, v + 2*j - 305 = 7*j. List the prime factors of v.
2, 5, 29
Suppose 2 = y - 1. Suppose 0*c = -y*c - 12, f = 4*c + 24. Let o(i) = -i + 23. What are the prime factors of o(f)?
3, 5
Suppose -a = -4*n - 846, -3*a + 8*a + n - 4293 = 0. List the prime factors of a.
2, 3, 11, 13
Let t be ((-510)/45)/(2/(-21)). Let a = 29 + t. List the prime factors of a.
2, 37
Let p = -4 - -6. Let s(n) = 0*n**3 - 15*n - 12*n**2 + 3 - n**3 + 22*n**p. What are the prime factors of s(6)?
3, 19
Let b(j) = 40*j - 25*j + 1 - 4. List the prime factors of b(7).
2, 3, 17
Suppose 0 = 5*h - 5*j - 4425, -1083 = -2*h - 2*j + 687. What are the prime factors of h?
3, 5, 59
Suppose 33*z - 42*z = -49338. What are the prime factors of z?
2, 2741
Let r(j) = 24*j + 64. What are the prime factors of r(54)?
2, 5, 17
Suppose 7*d = 10*d - 12, -2*d + 247 = w. What are the prime factors of w?
239
Let r = 21 + -18. List the prime factors of (2/2 - r) + 21.
19
Suppose 0 = -4*v + 6*v + 2. Suppose -17*z - 168 = 376. What are the prime factors of 0 + -1 + z/v?
31
Suppose 0 = 7*r - 2*r - 1620. Suppose -f + 96 = r. List the prime factors of (f/10)/(4/(-10)).
3, 19
Let n(t) = -t**3 + 17*t**2 + t - 24. Suppose 0*z - 2*h = -5*z + 82, -20 = -z + 4*h. List the prime factors of n(z).
2, 31
Let b be 68/(-18) - (-4)/(-18). Let s be 3/(6/b - 0). List the prime factors of (-21 - 2)/(s/4).
2, 23
Let v(a) = 2*a + 5. Let x(s) = 6*s + 16. Let d(i) = 10*v(i) - 3*x(i). Let u be d(0). Suppose u*c + 0*c = 66. What are the prime factors of c?
3, 11
Suppose 1077 = 7*m - 3452. What are the prime factors of m?
647
Suppose -5*f = -4*j - 101, 86 = 4*f + 3*j - j. Let q = f + -19. Suppose q*h - 76 = -2*y, 37 = -0*y + y + 2*h. List the prime factors of y.
3, 13
Suppose 2*v = -10, l - v = -6*v - 21. Let d = -17 + 22. Suppose -l*a - d = -165. List the prime factors of a.
2, 5
Let v = 15 + -19. Let n be 14/v + 1/(-2). What are the prime factors of n*(-13 - (-4 - -4))?
2, 13
Suppose 3*u - 5*a - 8144 = 0, -u - 3*a = -1523 - 1201. What are the prime factors of u?
2, 3, 151
Let j(t) = -4*t + 31. Let f be j(-7). Let c = -39 + f. List the prime factors of c.
2, 5
Let n(b) = -b**3 + 2*b**2 + 8*b + 7. What are the prime factors of n(-5)?
2, 71
Let q = -45 - -39. Let f(v) = 4*v + 0*v**2 + 4*v**2 + v**3 + 3*v**2 + 6. List the prime factors of f(q).
2, 3
Suppose 2*f + 32 = 3*f + 5*y, 5*f - 3*y - 20 = 0. Suppose -320 = -12*x + f*x. What are the prime factors of x?
2
Let r(j) = 5*j - 4. Suppose 21 = 3*t + 2*h, 0 = 5*h - 0*h. List the prime factors of r(t).
31
Let n(y) be the third derivative of y**5/30 + 5*y**4/24 + 5*y**3/6 + 75*y**2. Let g(m) = -4*m**2 - 2*m + 1. Let o be g(1). List the prime factors of n(o).
2, 3, 5
Suppose 0 = 4*l - f + 2*f - 13, -11 = -5*l + 4*f. Suppose 0*h = -h - l. List the prime factors of (-1)/h - (-366)/9.
41
Let v = 2060 + -1445. List the prime factors of v.
3, 5, 41
Let p(s) be the second derivative of -s**4/12 - s**3/3 + 48*s**2 - 27*s. What are the prime factors of p(0)?
2, 3
Suppose -168 = -l - 4*k + 10, 0 = 4*l + 4*k - 772. Suppose -11*d = -0*d - l. List the prime factors of d.
2, 3
Let f(x) be the first derivative of -x**4/4 - 5*x**3/3 - 7*x**2/2 - 5*x + 12. Let l be f(-4). Suppose -p + 504 = l*p. What are the prime factors of p?
3, 7
Suppose 15 = 2*d - 5. Suppose 15*t - 23 = 7. Suppose 3*m + d = -4*b, m - 18 = t*m + 5*b. List the prime factors of m.
2
Let q = -1 - 15. Let j be (-1 - -3) + 1 + q. List the prime factors of 10*(j/(-2) + -3).
5, 7
Let u be -39 - (-2 - -1 - -3). Let r = 95 + u. What are the prime factors of r?
2, 3
Let f(i) = 63*i**3 + 9*i**2 - 15*i + 5. List the prime factors of f(2).
5, 103
Let n(v) = -v - 1. Let l be n(9). Let a = l - -13. Suppose 2*f = -3*p + 44, -a = f - 3*p - 7. List the prime factors of f.
2
Let v(j) = -j**2 - 16*j - 15. Let n be v(-13). Let q = n + -10. Suppose -2*m + 3*g + q = -2, 4*m - 34 = 5*g. List the prime factors of m.
11
Suppose 57*l = l + 36176. List the prime factors of l.
2, 17, 19
Suppose -6*m + 8*m = 6. Suppose 4*f = 3*f - m, -r = -4*f - 65. What are the prime factors of r?
53
Let n(s) = 2*s**3 + 4*s**2 + 2*s + 4. Let m be n(-3). Let l = m - -87. What are the prime factors of l?
67
Let z = 5 + -7. Let s = 4 - z. What are the prime factors of (6/(-2))/(s/(-50))?
5
Let u(s) = -s**2 - s + 2. Let f be u(0). Let o(g) = 33*g - 6. What are the prime factors of o(f)?
2, 3, 5
Let y(u) = 6*u**2 - 5*u - 5. Let p be y(5). Let m = p + -87. What are the prime factors of m?
3, 11
Let n(j) = 6*j - 13*j**2 + j + 30*j**2 - 15*j**2 - 16. Let f be n(8). Suppose 4*w = w + f. List the prime factors of w.
2, 7
Let m be (-48)/(-30)*110/4. Suppose 0*c - c + 3*j = 0, 4*c - j = -m. Let g = 13 - c. List the prime factors of g.
5
Let b(m) = 4*m**2 - 5*m + 27. Suppose -q + 2*q - 6 = 0. What are the prime factors of b(q)?
3, 47
Let c(r) = -r**2 + 11*r - 9. Let g be c(9). Let l be (g/(-6))/((-1)/(-6)). Let f = 44 + l. List the prime factors of f.
5, 7
Let a = -383 - -587. List the prime factors of a.
2, 3, 17
Let c(y) = 24*y**2 - 3*y - 4. What are the prime factors of c(-3)?
13, 17
Let m = -2528 + 5650. What are the prime factors of m?
2, 7, 223
Let v be (-3)/((0 - 1) + 0). Suppose -v*m = -s + 124, -3*s + 0*m = -5*m - 372. Let o = s + -66. List the prime factors of o.
2, 29
Let f(a) = -19*a**3 - 2*a**2 + 2. Let j be f(2). Let q = j + 271. What are the prime factors of q?
113
Suppose 2 = 3*o - 2*i - 7, 5*o = i + 22. Suppose -y - 33 = -5*v - 279, -o*v - 20 = 0. List the prime factors of y.
2, 113
Let n be (-2 + 2)/(-1 - 1). Suppose 0 = -3*o - 3*k + 48, 11*k - 7*k + 4 = 0. Let s = n + o. What are the prime factors of s?
17
What are the prime factors of (-200)/240 + (-501)/(-36)*278?
2, 967
Let f(t) = -t**2 - 21*t - 27. Let m be f(-9). Let v = 386 - m. List the prime factors of v.
5, 61
Let o = 7546 - 4505. List the prime factors of o.
3041
Suppose 0 = -2*w + 7 - 1. Suppose b - w*i - 1 = 0, 4*b - i + 5 = 20. Let q = b - -3. What are the prime factors of q?
7
Suppose 6*o = 2*o - 708. Let m = -118 - o. List the prime factors of m.
59
Let x = -26 - -8. Let t be (-18)/x + 1 + -1. Let j = t + 42. What are the prime factors of j?
43
List the prime factors of 1 + 0 + 6122/7*7.
3, 13, 157
Let z = -507 + 935. List the prime factors of z.
2, 107
Suppose -7*u + 2*u = -17050. What are the prime factors of u?
2, 5, 11, 31
Let f(r) = -r + 16. Let n be f(12). Suppose 612 = 4*l + 5*v, -84 = -n*l - 4*v + 528. List the prime factors of l.
3, 17
Suppose -7*q + 11*q - 3*m - 4870 = 0, 0 = -5*q + m + 6082. List the prime factors of q.
2, 19
Let f = 2298 + -1271. What are the prime factors of f?
13, 79
Suppose -5*d + s + 10 = -1, -3*d = -4*s - 10. Let t(u) = d*u**2 - 5 - 2*u - u**2 + 2*u. List the prime factors of t(4).
11
Suppose 4635 = 2*c - m - 3774, -4*c + 16809 = -5*m. List the prime factors of c.
2, 3, 701
Suppose 0 = 1389*j - 1396*j + 20447. List the prime factors of j.
23, 127
Suppose 4*n = p + 1303, 582 = 3*n + p - 404. What are the prime factors of n?
3, 109
Let p be 12/(-66) - 442/(-11). Let y = 174 - p. Suppose 4*u = 46 + y. What are the prime factors of u?
3, 5
Let g = 1094 + -721. What are the prime factors of g?
373
Let a = -28 + 28. Suppose a = 11*s - 7*s - 316. List the prime factors of s.
79
Suppose 7*o - 1458 = 1139. What are the prime factors of o?
7, 53
Let q(u) = 5*u**2 + 16*u - 63. List the prime factors of